*p = 49. What is the greatest common divisor of 6431 and b?
59
Let z(b) = 6*b - 76. Let l be 30*(-13)/(234/(-12)). Let s be z(l). Suppose 5*y + 9 = -t + 45, -4*t + y = -39. Calculate the greatest common factor of t and s.
11
Let i(v) = -v**2 - 11*v + 11. Let h be i(-12). Let f(j) = -48*j - 22. Let k be f(h). What is the highest common factor of 351 and k?
13
Let n = 151 - 43. Suppose -12*t + 16*t - n = 0. Let h be (-2 - -1)*-27*1. What is the greatest common divisor of h and t?
27
Let r(k) = -k**2 + 6*k - 1. Let a be r(5). Let f be 18/(-13 - 7768/(-592)). What is the greatest common divisor of a and f?
4
Let a = 1787 + -1783. What is the greatest common divisor of a and 3118?
2
Suppose 0 = 5*c - 5*a - 1690, 40*c + 10*a + 1000 = 43*c. Calculate the greatest common factor of 1292 and c.
68
Suppose 13*i = 15*i + 5*b - 147, 0 = 2*i - 3*b - 123. Suppose -58*r = -i*r + 2080. What is the highest common factor of 104 and r?
52
Let r(i) = i**3 + 23*i**2 - 29*i - 529. Let h be r(-17). Calculate the greatest common divisor of 18 and h.
6
Let u(r) = -12*r + 25. Let v be u(11). Let l = v - -109. Suppose -6*m + 5*m = -l. What is the highest common divisor of m and 10?
2
Suppose -4*n - 3*n = -4*z - 25305, n + 3*z - 3590 = 0. Calculate the highest common divisor of n and 314.
157
Let d = -25 - -218. Suppose 4*r = d - 45. Let w = -187 - -594. Calculate the highest common divisor of r and w.
37
Let z = 184 - 178. Suppose 171 - 1107 = -z*y. Calculate the highest common factor of y and 104.
52
Let z be 172956/44 + 3 - (-54)/297. Calculate the greatest common divisor of 14 and z.
14
Suppose -d - 2*r + 572 = 2*d, -5*d + 990 = -4*r. Suppose -749*c - 5*o + 838 = -748*c, -5*o = 4*c - 3457. What is the greatest common divisor of c and d?
97
Let f(c) = -c**3 + 28*c**2 + 37*c - 55. Let u be f(29). Calculate the highest common divisor of 12 and u.
3
Let h be (3/(-2) + (-4)/2)*-574. Suppose -17*s = -10*s - h. Calculate the highest common factor of 7 and s.
7
Let s be 18845/20 + 1/(-4). Suppose c - 186 = l, 3*c + 2*c - s = l. What is the greatest common divisor of 21 and c?
21
Suppose -204963 = -3*g + 3*d, -68313 = g - 2*g + 3*d. Calculate the highest common factor of g and 75.
75
Suppose p - p = -p. Suppose 3*l = l + 3*r + 316, p = -3*l + r + 481. Suppose 5*m + 36 = l. What is the highest common factor of 10 and m?
5
Let y(s) = -14*s**2 + 108*s + 26. Let q be y(8). Let p be 80/q*225/(-25). Let c = -4 - -19. What is the greatest common divisor of c and p?
15
Suppose 3*i + 78 + 12 = 0. Let w be (i/4*-20)/((-40)/(-60)). Let l(h) = -h**3 + 7*h**2 + 3*h + 4. Let p be l(7). What is the greatest common divisor of p and w?
25
Let i be (-1 - 14/4) + (-2)/(-4). Let o be 8/(-3) + i/(-6). Let b be 295/5 - (-1 + o). Calculate the greatest common factor of 155 and b.
31
Let p(f) = -4*f + 30. Let l = 117 - 127. Let r be p(l). What is the highest common factor of 112 and r?
14
Suppose -792 = 3*j + 24. Let x be 4/14 - j/28. Calculate the highest common factor of 10 and x.
10
Let z be -1*((-56 - 4) + 3). Let p(x) = x**2 + 58*x + 303. Let m be p(-53). What is the greatest common divisor of z and m?
19
Suppose 11*o + 3872 = 139*o + 48*o. Suppose -m - 1 = -5. What is the highest common divisor of m and o?
2
Let f(i) = 102*i - 1556. Let v be f(16). Calculate the highest common factor of 2432 and v.
76
Suppose 5*j - 27 = 33. Let c(g) = 13*g - 297. Let d be c(24). Calculate the greatest common divisor of d and j.
3
Let k = 177 + -15. What is the greatest common divisor of k and 12?
6
Let y be 2/(140/5) - (-1214964)/168. Calculate the greatest common divisor of y and 565.
113
Let j be ((-76)/3)/(4/(-30)). Let z(l) = l**3 - 5*l**2 - 19*l - 2. Let b be z(8). What is the highest common factor of j and b?
38
Let h(t) = 319*t**3 - 2*t**2 + 6*t - 14. Let o be h(2). Calculate the highest common factor of 246 and o.
82
Let h(z) = -9*z**3 + 7*z**2 - 181*z - 1147. Let v be h(-6). What is the greatest common factor of 244 and v?
61
Suppose 2*j = -3*q + 551, 0*j - 2*j = -5*q + 945. Let s = -166 + q. What is the highest common factor of s and 3?
3
Let c = 100 - 92. Suppose 19*s - 44 = c*s. Suppose -w = -s*j + 81, -j - 5*w = 2*j - 55. What is the highest common divisor of j and 4?
4
Suppose m + g + 105 = 4*m, 0 = -m - g + 39. Let j be (23 - (-4 - -19)) + 1*4. Calculate the greatest common divisor of m and j.
12
Suppose -9 + 107 + 34 = 6*a. Calculate the greatest common factor of 1342 and a.
22
Suppose -10*w = 10, 3*w - 206 = -5*s - 49. Calculate the greatest common divisor of 6376 and s.
8
Suppose -4697 - 42547 = -12*o. What is the highest common divisor of 381 and o?
127
Let m(n) = -n**2 - 18*n - 2. Let a be m(-14). Let z = 1904 - 1877. What is the highest common factor of z and a?
27
Suppose -2*s - 146 = 5*l - 176, -38 = -2*s - 4*l. Calculate the highest common factor of 1211 and s.
7
Let h be 9796/(-93)*(-1 - 254/4). What is the highest common factor of 316 and h?
158
Let f(m) = -824*m + 12402. Let g be f(15). What is the highest common factor of g and 29820?
42
Suppose -816 - 9363 = -29*c. What is the greatest common divisor of c and 324?
27
Suppose -119 = 4*b - 2359. Let k = -13626 - -13706. Calculate the greatest common factor of b and k.
80
Let i be (178/5)/((-41410)/(-1800) + -23). Calculate the highest common factor of i and 216.
72
Let g(c) = -20*c - 5 + 9 + 4. Let o be g(-3). Suppose b - o = -17. Calculate the highest common divisor of b and 34.
17
Let x be 2665 + (-1)/(-4) + 84/(-16). Suppose -3*z - 1972 = -5*k + 680, 5*k = 5*z + x. What is the highest common divisor of k and 66?
66
Let f be (-1518)/(-8)*40/15. What is the highest common factor of 1403 and f?
23
Suppose -3*k - 11 = -5*z, 0 = -z + 3*z + k. Let q be ((-2)/7)/(z*(-2)/14). Let n be -3 + q - -18 - (0 - 1). Calculate the greatest common factor of n and 12.
6
Let t(g) be the second derivative of g**3/6 + 3*g**2/2 - g. Let h be t(4). Let i be 2 + -14 + 13528/712. Calculate the greatest common factor of i and h.
7
Let s(j) be the first derivative of j**4/4 - 13*j**3/3 - 3*j**2 + 99*j + 176. Let l be s(13). Calculate the greatest common divisor of l and 483.
21
Let z = 14967 - 14944. Calculate the highest common divisor of 13 and z.
1
Suppose -1 + 7 = -3*o, b + 2*o = -3. Let x be (-54)/(-9)*b*2. Suppose 4*l - x = -8. Calculate the highest common divisor of 5 and l.
1
Let a(g) = -g**3 - 12*g**2 + 752*g - 12. Let x be a(22). What is the greatest common divisor of x and 1539?
19
Let a(u) = 41*u + 7. Let f be a(1). Let y = 35 + -23. Let n be (-2)/(-8) - (-141)/y. What is the greatest common divisor of f and n?
12
Let w(y) = y**3 - 14*y**2 - 118*y - 28. Let q be w(20). Suppose 0 = 3*i + 2*i - 660. Calculate the greatest common factor of i and q.
12
Let j be 7 + 10/(20/(-6)). Suppose -2*u = -j*s + 3*u + 384, -3*s = -u - 277. What is the highest common factor of 21 and s?
7
Let z(h) = -h + 1. Let g be z(-2). Suppose g*f + 51 = 186. Suppose 1498*v + 197*v - 7223 = 9727. What is the highest common divisor of v and f?
5
Let b be 23/3*3 - -4. Suppose -17*s + 557 + 55 = 0. What is the highest common factor of s and b?
9
Let z be (-135)/81*(-4 - -1). Suppose -b = 2*k - 34, -52 + 229 = z*b + 3*k. What is the greatest common divisor of b and 252?
36
Let v be 8 + (-4)/8*4. Let o(k) = -31*k + 202. Let a be o(v). Calculate the greatest common divisor of a and 8.
8
Let w = -170 - -98. Let v be w/(-2)*(-24)/36*-9. Calculate the highest common divisor of v and 54.
54
Suppose 102*f + 59 = 105*f + 13*a, 0 = -4*f - 5*a + 91. What is the greatest common factor of 6348 and f?
12
Let r be (24/(-10))/((-429)/3050190). What is the greatest common divisor of 144 and r?
72
Suppose -3*v + 5*r = -258, -2*v = 5*r + 93 - 290. What is the highest common divisor of v and 221?
13
Let t(q) = -2*q**3 - 9*q**2 + 28*q + 235. Let h be t(-6). Calculate the highest common factor of h and 3025.
25
Let k be (-28)/98 + (-16)/(-7). Suppose -280 = -427*h + 399*h. What is the highest common divisor of k and h?
2
Let o = 53 + -51. Let y be (-1)/2 - (o - (-31)/(-2)). Suppose q + f = 106, 3*q + f = 7*q - 414. Calculate the greatest common factor of y and q.
13
Suppose 0 = -2*b + 6 + 2. Let c be -1*-10*2/b. Let x be 1 + -12*(-60)/80. Calculate the highest common divisor of x and c.
5
Let t =